59 = -4*g - 5*y, -5*y + 5 = 0. Calculate the remainder when 56 is divided by (g/(-10) + (-6)/15)*1.
11
Let a = 64 - 121. Let p be 4/(-22) - a/11. Suppose 3*q = w - 2, -p*q - 13 = -3*w + 5. Calculate the remainder when 19 is divided by w.
8
Let v = -2390 + 4935. Calculate the remainder when v is divided by 134.
133
Suppose 5*c - 27 - 13 = -4*s, 4*s + 3*c = 40. Calculate the remainder when (s/(-8))/((-5)/200) is divided by 28.
22
Suppose -4*t = -t + 366. Let l = -60 - t. Calculate the remainder when l is divided by 32.
30
Suppose -3*x - 1 + 16 = 0. Let r = 1 + x. Let d = 64 - 60. Calculate the remainder when r is divided by d.
2
Let n(k) = -k**2 - 10*k + 5. Let q be n(-8). What is the remainder when 78 is divided by q - 2*1/2?
18
Suppose -2*w + 5*o = -6*w + 18, 4*o = 3*w - 29. Calculate the remainder when 24 is divided by w.
3
Suppose -v - 14 = i + 3*v, -i - 3*v = 10. Calculate the remainder when 29 is divided by i.
1
Suppose 5*b - 10 = -0*b + 2*x, 0 = -b - 4*x - 20. Suppose b*g + 5*o = 3*g - 174, -62 = -g + 3*o. Calculate the remainder when g is divided by 18.
17
Let v(n) = -22*n**2 - 2*n + 1. Let r be v(1). Let t = r + 11. What is the remainder when 6 is divided by ((-3)/t - 0)*12?
0
Let i(f) = -f**2 - 11*f - 12. Let x be i(-10). Let p be ((-2)/x)/((-13)/39). What is the remainder when 14 is divided by ((-10)/p)/((-16)/(-24))?
4
Suppose -1 = -s + 3, -3*j - s = -16. Suppose -4*l + 38 = -x, l - 173 = j*x + 6*l. Let k = 62 + x. What is the remainder when k is divided by 11?
9
Let q(g) = -38*g**3 + 2*g**2 - 5*g - 16. Calculate the remainder when q(-2) is divided by 77.
75
Let d = 224 + -139. Let h = d - 56. What is the remainder when h is divided by 15?
14
Let m(p) = -71*p - 618. What is the remainder when m(-16) is divided by 25?
18
Let d = 6 - -8. Let z(j) = 1 + 3 + 2*j**2 + 4 - 4. Calculate the remainder when z(5) is divided by d.
12
Let x = -27 - -29. Suppose -x*v + v - 3*l + 69 = 0, 2*v = -3*l + 135. Calculate the remainder when v is divided by 24.
18
Suppose -11 = -w + 4*f, -2*f = w + 3*w - 62. Let g be 0/((-3)/(3 + 0)). What is the remainder when (-57)/(-1)*(1 + g) is divided by w?
12
Calculate the remainder when (-184)/(-1196) - (-492)/13 is divided by (-2)/(-3)*(-63)/(-6).
3
Let d = -1241 - -1275. Calculate the remainder when 74 is divided by d.
6
Suppose 3*a - 5 - 7 = 0. Suppose -2*t - w - 8 = 4*w, -a*t + 3*w - 16 = 0. Calculate the remainder when (-99 - -1)*t/8 is divided by 25.
24
Let x(u) = -u**2 - 3*u. Let b be x(-3). Suppose 5*m = -20, -d + 3*m = -6 - 10. Let z = b + d. Calculate the remainder when 4 is divided by z.
0
Let w be (-12 + 11)*(-1 - (112 - 0)). Suppose 0 = -5*y - 4*c + 256, 4*c = 4*y + w - 289. What is the remainder when y is divided by 17?
14
Let a = 813 - 765. Calculate the remainder when a is divided by 14.
6
Let g(v) = -v**2 + 7*v + 13. Let c be g(8). Suppose -10 = 5*p, c*p + 23 = 4*o - 51. What is the remainder when 62 is divided by o?
14
What is the remainder when (-7 - (9 + -52)) + -6 + 2 is divided by 22?
10
Suppose -2*q - z - 45 = -3*q, 5*q = -4*z + 261. Suppose -6*g - 4*r = -7*g + 29, 129 = 5*g - 4*r. What is the remainder when q is divided by g?
24
Suppose 0 = 166*v - 172*v + 1794. What is the remainder when v is divided by 3?
2
Let v(f) = f**2 - 51*f + 523. Calculate the remainder when v(40) is divided by 26.
5
Let y(z) be the second derivative of 7*z**3/6 - z**2/2 - 19*z. Calculate the remainder when y(2) is divided by 8.
5
Suppose -5*w = 2*h - 59, 2*w - 5*h = 2 + 10. Calculate the remainder when 51 is divided by w.
7
Let q = -5 - -5. Suppose 29 = 3*z - q*t + 2*t, -3*z = -2*t - 13. Calculate the remainder when (36/(-10))/(9/(-30)) is divided by z.
5
Let g = -25 - -89. Let y(m) = 4*m - 10 + 3*m**2 + 2*m**2 - 4*m**2. What is the remainder when g is divided by y(-8)?
20
Suppose 0 = b + 16 - 48. Let k = b + -10. Let a(o) = 2*o**2 - 9*o + 6. Calculate the remainder when a(7) is divided by k.
19
Let z(u) = -u - 4*u**2 + 8*u**2 + 3 + 0*u**2. Suppose j + 2*i - 3 = 0, j - 4*i - 9 = -2*j. Calculate the remainder when z(j) is divided by 19.
17
Calculate the remainder when 0 + 1 + -1 + 77 is divided by (11 + -10)/((-70)/(-68) - 3/3).
9
Suppose -3*q + 207 = -z, 4*q - 3*q = -z + 65. Let w = -12 + 15. Suppose -w*l - 2 = p - 7, -43 = -2*p + 5*l. What is the remainder when q is divided by p?
12
Let i = -54 + 51. Suppose 2*d = -0*d - 2, 4*q - 5*d - 205 = 0. What is the remainder when q is divided by (-4)/(-10) - (240/(-25) + i)?
11
Let g(a) = a**3 + 7*a**2 + 11*a + 5. Let w be g(-5). Suppose w = -10*s - 2*s + 312. Calculate the remainder when 285 is divided by s.
25
Suppose 2*f = 6*f + 52. Let b = 1 - f. Calculate the remainder when 55 is divided by b.
13
Let h(d) = -d + 17. Calculate the remainder when 111 is divided by h(0).
9
Let a(u) = u**3 + 11*u**2 + 15. Let o(c) = c**3 - 14*c**2 - 16*c + 4. Let b be o(15). What is the remainder when 43 is divided by a(b)?
13
Let n(q) be the third derivative of -q**6/120 - q**5/60 - q**4/6 + q**3/6 - 6*q**2. Calculate the remainder when n(-3) is divided by 11.
9
Suppose -5*k = y + 2*y - 2096, -2*y = 4*k - 1676. What is the remainder when k is divided by 15?
13
Suppose 2*x = -c + 45, -c - 2*x + 45 = -5*x. Let z(h) = h**2 + 7*h + 4. Calculate the remainder when ((-6)/(-9))/(3/c) is divided by z(-7).
2
Suppose -4*l + 20 = l. What is the remainder when (-4)/8*(6 - 40) is divided by l?
1
Suppose 4*a = -12, -5*l + 3*a + 147 = -62. Calculate the remainder when 152 is divided by l.
32
Let a = 821 + -814. Suppose 4*c - t - 15 = 0, t - 8 = -c + 2. Calculate the remainder when a is divided by c.
2
Suppose 0 = -4*d - 3*d + 28. Suppose -a - 15 = -5*y, 3*a - 38 + 3 = -y. What is the remainder when a is divided by d?
2
Suppose -20*h + 174 = -146. Let a = -12 + 57. Calculate the remainder when a is divided by h.
13
Suppose -30 + 148 = 2*c. Let f be (-15)/((-1)/(16/12)). Let k = c + f. What is the remainder when k is divided by 20?
19
Suppose 13*s - 832 - 2587 = 0. Calculate the remainder when s is divided by 19.
16
Suppose z + 15 = 2*y + 4, -z + 13 = 4*y. Suppose -8*p = -49 - 15. Suppose -24 = -p*m + 2*m. Calculate the remainder when y is divided by m.
0
Let m(k) = -k**3 + 2*k**2 + 4*k + 2. Let o be m(4). Suppose 0*a = 3*q + 5*a - 43, 9 = q + 3*a. Let v = o + q. Calculate the remainder when 31 is divided by v.
3
Suppose p = 3*l - 146, -4*l - 154 = -7*l - p. Let t = -26 + l. What is the remainder when 70 is divided by t?
22
Let a(l) = l**3 - 3*l**2 - 13. Let r be a(4). Suppose 4*j - 1 = -3*s + 57, r*s + 2*j - 56 = 0. Calculate the remainder when s is divided by 7.
4
What is the remainder when ((-172)/3)/((-36)/54) + 0 is divided by 8?
6
Let o be (-186)/(-18) - (-2)/3. Suppose o*r + 16 = 12*r. Calculate the remainder when 31 is divided by r.
15
Suppose b = 2*b - 61. Suppose -4*v + 128 = 4*h, -8*h + 121 = 4*v - 11*h. Calculate the remainder when b is divided by v.
30
Suppose 0 = 8*p + 51 - 139. What is the remainder when p is divided by 7?
4
Let b = -251 + 271. Calculate the remainder when b is divided by 12.
8
Let g(z) = z**2 + 9*z - 13. Suppose 0 = -3*v + v + 684. Suppose -5*t - 4*l = -v, 2*t - 3*l - 126 = -l. Calculate the remainder when t is divided by g(-12).
20
Let y = -137 + 155. What is the remainder when 23 is divided by y?
5
Let q(v) = -12*v - 32. Calculate the remainder when 207 is divided by q(-7).
51
Suppose 2*p = -5*k + 97, 0 = 2*p - p + 3*k - 51. Suppose -l + p = l. Calculate the remainder when (0 - -66) + (-2 - 1)*-1 is divided by l.
15
Suppose 7 = 3*z - 5. Suppose 8*a - 3*a = 0. Suppose n + z*p + a = 8, 2*n + p - 37 = 0. What is the remainder when n is divided by 12?
8
Let u(j) = 32*j**2 + 2*j. What is the remainder when u(2) is divided by 34?
30
Let c = 7 + -4. Let o = -2432 + 2439. What is the remainder when o is divided by c?
1
Suppose -4 = z - 3*z. Suppose 3*a - 417 = -3*v, -v = z*v - 4*a - 389. What is the remainder when v is divided by 23?
20
Let t = 419 + -371. What is the remainder when t is divided by 17?
14
Calculate the remainder when ((0 - -1) + 69/115)*65 is divided by 47.
10
What is the remainder when 493 is divided by (-7725)/(-125) + (-2)/20*-2?
59
Let g(f) = 45 + f - 11 - f**2 + 2*f**2. Calculate the remainder when g(0) is divided by 18.
16
Suppose -4*o - 53 = 4*j - 